{"id":11,"date":"2020-05-05T21:13:38","date_gmt":"2020-05-05T21:13:38","guid":{"rendered":"http:\/\/i-tuepfelchen-mm.de\/?page_id=11"},"modified":"2026-04-02T08:00:32","modified_gmt":"2026-04-02T08:00:32","slug":"herzlich-willkommen","status":"publish","type":"page","link":"http:\/\/i-tuepfelchen-mm.de\/","title":{"rendered":"Herzlich Willkommen"},"content":{"rendered":"\n<p>Wir begr\u00fc\u00dfen euch ganz herzlich in der Welt &#8222;des gewissen Etwas&#8220; &#8211; dem <strong>T\u00fcpfelchen<\/strong> auf dem<strong> i!<\/strong><br>Bei uns findet ihr Dekoartikel f\u00fcr Haus, Garten, Balkon,&#8230; Kunsthandwerk, (freche) Geschenkideen und alles mit ganz viel Liebe selbst gemacht oder ausgesucht. <\/p>\n\n\n\n<p>Ge\u00f6ffnet immer F<strong>reitags von 14.00 &#8211; 18.00 Uhr <\/strong>!<strong> <\/strong><\/p>\n\n\n\n<p>Wir freuen uns auf euren Besuch, denn &#8211; PSSST nicht weitersagen &#8211; aber bei uns <strong>wird der silberne Dekofrosch dann im heimischen Wohnzimmer auch mal schnell zum Prinzen.<\/strong><\/p>\n\n\n\n<p class=\"has-text-align-center has-vivid-red-color has-text-color has-x-large-font-size\"><\/p>\n\n\n\n\n\n<p class=\"has-text-align-center has-vivid-red-color has-text-color has-large-font-size\"><\/p>\n\n\n\n<p class=\"has-text-align-center has-pale-pink-color has-text-color has-large-font-size\"><\/p>\n\n\n\n<p class=\"has-pale-pink-color has-text-color\"><\/p>\n\n\n\n<p class=\"has-pale-pink-color has-text-color\"><\/p>\n\n\n\n<figure class=\"wp-block-image\"><img alt=\"\"\/><\/figure>\n\n\n\n<p class=\"has-pale-pink-color has-text-color has-large-font-size\"><strong>Jetzt Neu, Ihr k\u00f6nnt mich mieten&#8230;..<\/strong><\/p>\n\n\n\n<figure class=\"wp-block-gallery has-nested-images columns-default is-cropped wp-block-gallery-1 is-layout-flex\">\n<figure class=\"wp-block-image size-large\"><img decoding=\"async\" loading=\"lazy\" width=\"1024\" height=\"836\" data-id=\"653\"  src=\"http:\/\/i-tuepfelchen-mm.de\/wp-content\/uploads\/2025\/06\/IMG-20250607-WA00061-3-1024x836.jpg\" alt=\"\" class=\"wp-image-653\" srcset=\"http:\/\/i-tuepfelchen-mm.de\/wp-content\/uploads\/2025\/06\/IMG-20250607-WA00061-3-1024x836.jpg 1024w, http:\/\/i-tuepfelchen-mm.de\/wp-content\/uploads\/2025\/06\/IMG-20250607-WA00061-3-300x245.jpg 300w, http:\/\/i-tuepfelchen-mm.de\/wp-content\/uploads\/2025\/06\/IMG-20250607-WA00061-3-768x627.jpg 768w, http:\/\/i-tuepfelchen-mm.de\/wp-content\/uploads\/2025\/06\/IMG-20250607-WA00061-3.jpg 1457w\" sizes=\"(max-width: 767px) 89vw, (max-width: 1000px) 54vw, (max-width: 1071px) 543px, 580px\" \/><\/figure>\n<\/figure>\n\n\n\n<p><\/p>\n\n\n\n<p>Unsere wei\u00dfe Bulli-Bar&nbsp;ist charmant, elegant, unglaublich praktisch und vielseitig.<\/p>\n\n\n\n<p><strong>Bulli-Bar \u2013 was ist das?<\/strong><\/p>\n\n\n\n<p>In&nbsp;liebevoller Handarbeit entstand aus einer T2 Front ein richtiges Schmuckst\u00fcck- die Bulli-Bar.<\/p>\n\n\n\n<p>Die Karosserie wurde mit einer Holzplatte , Soundanlage und Lichtelementen versehen um f\u00fcr die unterschiedlichsten Aufgaben gewappnet zu sein.<\/p>\n\n\n\n<p>Das Besondere an der Bulli Bar\u2026 sie ist&nbsp;<strong>teilbar<\/strong> und somit f\u00fcr jede Location geeignet.&nbsp;T\u00fcren und&nbsp;Stufen, alles kein Problem. Die Bar passt sich den Gegebenheiten vor Ort an und kann drinnen und drau\u00dfen, im Keller oder auf der Dachterrasse zum Hingucker werden.<\/p>\n\n\n\n<p>WANDELBAR. Theke,&nbsp;Empfangstisch, Candybar,&nbsp;Mini-Buffet,&nbsp;f\u00fcr den Einsatz von der Bulli Bar bei deiner Veranstaltung sind&nbsp;deiner Fantasie keine Grenzen gesetzt. Durch die eingebauten Lichtelemente&nbsp;kann sie in deinen Farben erstrahlen, und l\u00e4sst Deine Musik \u00fcber die Soundanlage spielen.<\/p>\n\n\n\n<p>WUNDERBAR. Du willst Aufmerksamkeit erregen? Kein Problem. &nbsp;Die Bulli Bar wird mit Sicherheit zum Hingucker und deine Veranstaltung <strong>wunderbar<\/strong> in Szene setzen.<\/p>\n\n\n\n<p>Auch eine fertige Best\u00fcckung als Candy Bar von liacandy.de mit Ihren Wunschprodukten m\u00f6glich. Gerne erstellen wir Ihnen daf\u00fcr ein individuelles Angebot.<\/p>\n\n\n\n<p>www.liacandy.de<\/p>\n\n\n\n<p class=\"has-pale-pink-color has-text-color has-medium-font-size\">Mietanfragen gerne per Telefon oder WhatsApp unter 0171-1288120 oder 0176-65090007 <\/p>\n\n\n\n<p class=\"has-text-align-center has-vivid-purple-color has-text-color has-large-font-size\"><\/p>\n","protected":false},"excerpt":{"rendered":"<p>Wir begr\u00fc\u00dfen euch ganz herzlich in der Welt &#8222;des gewissen Etwas&#8220; &#8211; dem T\u00fcpfelchen auf dem i!Bei uns findet ihr Dekoartikel f\u00fcr Haus, Garten, Balkon,&#8230; Kunsthandwerk, (freche) Geschenkideen und alles mit ganz viel Liebe selbst gemacht oder ausgesucht. Ge\u00f6ffnet immer Freitags von 14.00 &#8211; 18.00 Uhr ! Wir freuen uns auf euren Besuch, denn &#8211; &hellip; <\/p>\n<p class=\"link-more\"><a href=\"http:\/\/i-tuepfelchen-mm.de\/\" class=\"more-link\"><span class=\"screen-reader-text\">\u201eHerzlich Willkommen\u201c<\/span> weiterlesen<\/a><\/p>\n","protected":false},"author":1,"featured_media":0,"parent":0,"menu_order":0,"comment_status":"closed","ping_status":"closed","template":"","meta":[],"_links":{"self":[{"href":"http:\/\/i-tuepfelchen-mm.de\/index.php?rest_route=\/wp\/v2\/pages\/11"}],"collection":[{"href":"http:\/\/i-tuepfelchen-mm.de\/index.php?rest_route=\/wp\/v2\/pages"}],"about":[{"href":"http:\/\/i-tuepfelchen-mm.de\/index.php?rest_route=\/wp\/v2\/types\/page"}],"author":[{"embeddable":true,"href":"http:\/\/i-tuepfelchen-mm.de\/index.php?rest_route=\/wp\/v2\/users\/1"}],"replies":[{"embeddable":true,"href":"http:\/\/i-tuepfelchen-mm.de\/index.php?rest_route=%2Fwp%2Fv2%2Fcomments&post=11"}],"version-history":[{"count":49,"href":"http:\/\/i-tuepfelchen-mm.de\/index.php?rest_route=\/wp\/v2\/pages\/11\/revisions"}],"predecessor-version":[{"id":674,"href":"http:\/\/i-tuepfelchen-mm.de\/index.php?rest_route=\/wp\/v2\/pages\/11\/revisions\/674"}],"wp:attachment":[{"href":"http:\/\/i-tuepfelchen-mm.de\/index.php?rest_route=%2Fwp%2Fv2%2Fmedia&parent=11"}],"curies":[{"name":"wp","href":"https:\/\/api.w.org\/{rel}","templated":true}]}}